hat is 122 (base 3) in base 12?
15
What is 1011 (base 2) in base 9?
12
3 (base 4) to base 9
3
What is 6 (base 11) in base 13?
6
-6 (base 10) to base 12
-6
-19 (base 13) to base 7
-31
-1200 (base 3) to base 13
-36
-5 (base 15) to base 11
-5
What is -2 (base 12) in base 15?
-2
What is 1b (base 13) in base 8?
30
2 (base 16) to base 7
2
Convert -3 (base 9) to base 8.
-3
What is 20 (base 11) in base 14?
18
Convert -2 (base 15) to base 2.
-10
236 (base 8) to base 3
12212
Convert -2 (base 15) to base 5.
-2
Convert a8 (base 16) to base 2.
10101000
What is -13 (base 7) in base 16?
-a
What is 4 (base 15) in base 11?
4
Convert 1 (base 11) to base 10.
1
3 (base 10) to base 15
3
2b (base 13) to base 15
27
Convert 3 (base 13) to base 14.
3
33 (base 12) to base 7
54
-30 (base 16) to base 3
-1210
Convert -3 (base 14) to base 11.
-3
Convert -1 (base 11) to base 5.
-1
What is 51 (base 13) in base 15?
46
Convert b (base 12) to base 15.
b
Convert -7 (base 10) to base 7.
-10
-1242 (base 6) to base 14
-186
Convert -20 (base 3) to base 13.
-6
1 (base 4) to base 3
1
Convert -8 (base 11) to base 3.
-22
Convert -110 (base 2) to base 13.
-6
What is -1223 (base 4) in base 10?
-107
-9 (base 15) to base 4
-21
What is -13 (base 4) in base 10?
-7
What is 201 (base 3) in base 7?
25
What is -6 (base 11) in base 8?
-6
13 (base 5) to base 4
20
Convert -1020 (base 3) to base 15.
-23
Convert 13 (base 5) to base 10.
8
What is -1301 (base 4) in base 13?
-89
Convert 0 (base 12) to base 5.
0
Convert -11 (base 2) to base 4.
-3
What is 34 (base 15) in base 5?
144
What is -8 (base 10) in base 8?
-10
What is -101100 (base 2) in base 13?
-35
Convert -110 (base 4) to base 2.
-10100
89 (base 14) to base 6
321
Convert 1 (base 12) to base 8.
1
83 (base 15) to base 14
8b
-52 (base 11) to base 8
-71
1001 (base 2) to base 16
9
Convert 159 (base 12) to base 4.
3111
What is 11 (base 5) in base 11?
6
Convert 1010 (base 2) to base 11.
a
What is -1022 (base 4) in base 14?
-54
What is -11 (base 7) in base 11?
-8
-15 (base 16) to base 10
-21
1 (base 7) to base 5
1
What is 0 (base 6) in base 15?
0
What is -19 (base 13) in base 15?
-17
3 (base 16) to base 8
3
-12 (base 15) to base 16
-11
Convert -15 (base 11) to base 10.
-16
What is 54 (base 11) in base 8?
73
What is 2 (base 12) in base 5?
2
-27 (base 12) to base 9
-34
130 (base 6) to base 7
105
Convert 29 (base 11) to base 14.
23
What is 25 (base 6) in base 16?
11
What is -3 (base 12) in base 15?
-3
Convert 1011110 (base 2) to base 5.
334
What is 28 (base 14) in base 10?
36
-2 (base 4) to base 10
-2
-c (base 16) to base 14
-c
-4 (base 5) to base 3
-11
What is 9 (base 14) in base 3?
100
1015 (base 6) to base 12
16b
-101 (base 2) to base 7
-5
Convert -15 (base 6) to base 9.
-12
-1 (base 13) to base 12
-1
Convert -220 (base 8) to base 13.
-b1
Convert -45 (base 12) to base 4.
-311
Convert 1100 (base 2) to base 4.
30
100 (base 5) to base 4
121
Convert -100 (base 2) to base 11.
-4
-11 (base 11) to base 13
-c
What is -1010 (base 6) in base 3?
-22020
What is -1 (base 2) in base 15?
-1
Convert 100 (base 3) to base 8.
11
What is -1 (base 13) in base 11?
-1
-31 (base 11) to base 4
-202
Convert 101 (base 11) to base 4.
1322
Convert 7 (base 15) to base 13.
7
What is 6 (base 9) in base 5?
11
What is -11 (base 5) in base 7?
-6
-d (base 15) to base 11
-12
What is 5 (base 9) in base 14?
5
What is 2 (base 15) in base 11?
2
Convert 11 (base 4) to base 5.
10
9 (base 16) to base 9
10
What is 21 (base 9) in base 11?
18
What is 0 (base 9) in base 8?
0
What is -3 (base 14) in base 9?
-3
-11000 (base 2) to base 11
-22
What is 17 (base 15) in base 5?
42
64 (base 15) to base 9
114
What is -8 (base 11) in base 12?
-8
What is 1 (base 10) in base 2?
1
64 (base 8) to base 14
3a
Convert -1 (base 16) to base 8.
-1
e6 (base 15) to base 12
160
What is 11 (base 8) in base 7?
12
Convert 10 (base 12) to base 15.
c
-32 (base 10) to base 11
-2a
Convert -3 (base 11) to base 16.
-3
Convert -1 (base 12) to base 16.
-1
Convert 2 (base 9) to base 7.
2
-60 (base 16) to base 10
-96
Convert 35 (base 6) to base 16.
17
Convert -1 (base 11) to base 10.
-1
3 (base 6) to base 9
3
Convert 1 (base 5) to base 12.
1
What is -23 (base 7) in base 6?
-25
230 (base 7) to base 13
92
Convert 120 (base 6) to base 10.
48
What is 3 (base 12) in base 5?
3
-37 (base 15) to base 6
-124
Convert 142 (base 7) to base 10.
79
Convert -5 (base 8) to base 6.
-5
Convert -3 (base 14) to base 15.
-3
What is 43 (base 10) in base 16?
2b
What is 9b (base 15) in base 2?
10010010
-71 (base 12) to base 2
-1010101
Convert 3 (base 6) to base 4.
3
What is -11010 (base 3) in base 2?
-1101111
2 (base 9) to base 10
2
What is 1c8 (base 14) in base 8?
564
Convert 2041 (base 5) to base 2.
100001111
What is 5 (base 11) in base 6?
5
What is 1 (base 11) in base 14?
1
What is -2 (base 5) in base 4?
-2
Convert 141 (base 7) to base 2.
1001110
Convert -55 (base 8) to base 3.
-1200
What is 146 (base 9) in base 8?
173
-110 (base 2) to base 15
-6
Convert -fa (base 16) to base 11.
-208
Convert 3 (base 11) to base 8.
3
-1 (base 16) to base 15
-1
-7 (base 15) to base 10
-7
Convert 2 (base 15) to base 16.
2
-3a (base 14) to base 16
-34
What is -2 (base 14) in base 11?
-2
Convert c (base 14) to base 5.
22
What is -dd (base 15) in base 7?
-415
Convert -23 (base 5) to base 4.
-31
What is -16 (base 7) in base 6?
-21
What is 83 (base 9) in base 12?
63
-1 (base 12) to base 14
-1
-146 (base 7) to base 8
-123
Convert 18b (base 12) to base 6.
1055
What is 10302 (base 4) in base 12?
216
What is -130 (base 7) in base 11?
-64
-11 (base 14) to base 10
-15
What is -1 (base 13) in base 9?
-1
Convert 2 (base 16) to base 5.
2
What is -1400 (base 5) in base 6?
-1013
109 (base 12) to base 13
ba
Convert a2 (base 11) to base 2.
1110000
What is 0 (base 10) in base 2?
0
What is 169 (base 13) in base 4?
10000
Convert -21 (base 3) to base 14.
-7
100 (base 2) to base 16
4
Convert 1 (base 14) to base 10.
1
4 (base 6) to base 2
100
What is -10 (base 4) in base 16?
-4
What is -9 (base 12) in base 9?
-10
Convert 201 (base 3) to base 11.
18
What is -110111 (base 2) in base 7?
-106
What is 3 (base 9) in base 15?
3
What is -60 (base 10) in base 5?
-220
Convert 2 (base 13) to base 7.
2
What is 1 (base 12) in base 9?
1
27 (base 15) to base 16
25
Convert 6 (base 11) to base 15.
6
What is -2 (base 7) in base 16?
-2
-10 (base 4) to base 14
-4
What is 4 (base 10) in base 7?
4
What is 12 (base 9) in base 14?
b
Convert 444 (base 7) to base 11.
198
Convert 1000 (base 2) to base 5.
13
-8 (base 16) to base 11
-8
1 (base 14) to base 15
1
-221 (base 10) to base 9
-265
-e (base 15) to base 7
-20
-c (base 14) to base 11
-11
Convert 15 (base 8) to base 14.
d
What is -14 (base 9) in base 15?
-d
Convert 1100 (base 4) to base 3.
2222
What is 40 (base 14) in base 4?
320
What is -1a (base 15) in base 10?
-25
-31 (base 13) to base 11
-37
What is -61 (base 8) in base 7?
-100
Convert 3 (base 16) to base 10.
3
-110000 (base 2) to base 12
-40
What is -1 (base 15) in base 16?
-1
-5 (base 14) to base 6
-5
Convert 222 (base 7) to base 9.
136
Convert 3 (base 5) to base 10.
3
-2c (base 13) to base 5
-123
-1 (base 11) to base 7
-1
What is -2 (base 3) in base 5?
-2
What is 4 (base 15) in base 3?
11
What is 2231 (base 4) in base 9?
212
What is 2122 (base 3) in base 13?
56
Convert 16 (base 13) to base 4.
103
What is -7 (base 10) in base 6?
-11
12 (base 4) to base 8
6
Convert -94 (base 13) to base 9.
-144
Convert 122 (base 3) to base 9.
18
10 (base 5) to base 13
5
Convert 1 (base 13) to base 15.
1
Convert -37 (base 15) to base 8.
-64
What is 2b (base 15) in base 16?
29
-2041 (base 5) to base 13
-17b
Convert -4 (base 12) to base 2.
-100
Convert -20 (base 7) to base 4.
-32
15 (base 8) to base 4
31
4 (base 10) to base 9
4
What is -7 (base 9) in base 4?
-13
-166 (base 9) to base 3
-12020
Convert 233 (base 5) to base 15.
48
What is 205 (base 10) in base 16?
cd
What is b (base 16) in base 10?
11
Convert 3 (base 10) to base 7.
3
-3 (base 7) to base 15
-3
What is 2 (base 6) in base 14?
2
What is 11 (base 15) in base 10?
16
-132 (base 5) to base 2
-101010
What is -34 (base 10) in base 9?
-37
Convert 340 (base 7) to base 5.
1200
Convert -8 (base 13) to base 9.
-8
-434 (base 5) to base 13
-92
-9 (base 13) to base 5
-14
6 (base 8) to 